{"id":546,"date":"2017-12-21T14:12:20","date_gmt":"2017-12-21T13:12:20","guid":{"rendered":"http:\/\/calvy.ch\/de\/?page_id=546"},"modified":"2018-02-05T10:49:10","modified_gmt":"2018-02-05T09:49:10","slug":"restaurant","status":"publish","type":"page","link":"https:\/\/calvy.ch\/de\/restaurant\/","title":{"rendered":"Restaurant"},"content":{"rendered":"<p>[et_pb_section bb_built=&#8221;1&#8243; fullwidth=&#8221;on&#8221; specialty=&#8221;off&#8221; disabled_on=&#8221;on|on|on&#8221; disabled=&#8221;on&#8221;][et_pb_fullwidth_image admin_label=&#8221;Image restaurant&#8221; _builder_version=&#8221;3.0.53&#8243; src=&#8221;http:\/\/calvy.ch\/wp-content\/uploads\/IMG_2381.jpg&#8221; show_in_lightbox=&#8221;off&#8221; url_new_window=&#8221;off&#8221; use_overlay=&#8221;off&#8221; border_style=&#8221;solid&#8221; animation=&#8221;off&#8221; \/][\/et_pb_section][et_pb_section bb_built=&#8221;1&#8243;][et_pb_row][et_pb_column type=&#8221;4_4&#8243;][et_pb_text admin_label=&#8221;Restaurant&#8221; _builder_version=&#8221;3.0.53&#8243; background_layout=&#8221;light&#8221; text_orientation=&#8221;left&#8221; border_style=&#8221;solid&#8221;]<\/p>\n<h1>\u00a0Restaurant<\/h1>\n<p>[\/et_pb_text][\/et_pb_column][\/et_pb_row][et_pb_row][et_pb_column type=&#8221;2_3&#8243;][et_pb_text _builder_version=&#8221;3.0.53&#8243; background_layout=&#8221;light&#8221; text_orientation=&#8221;left&#8221; border_style=&#8221;solid&#8221;]<\/p>\n<h4>Offen 7\/7 von 7 Uhr bis 24<\/h4>\n<ul>\n<li>Fr\u00fchst\u00fcck: von 7h bis 10h<\/li>\n<li>Mittagessen: von 12h bis 13h45<\/li>\n<li>Abendessen: von 19h bis 21h45<\/li>\n<\/ul>\n<p>Tagesgericht Fr. 18.-<br \/>\nAbendbrot CHF 20.-<\/p>\n<p>Mehrere R\u00e4ume zu Ihrer Verf\u00fcgung (von 10 bis 100 Personen) f\u00fcr Ihre Bankette, Hochzeiten, Geburtstage und Seminare.<\/p>\n<p>Das Restaurant bietet internationale K\u00fcche in freundlicher Atmosph\u00e4re.<br \/>\nDie Bistro-Ecke bietet Ihnen die M\u00f6glichkeit, vom fr\u00fchen Morgen bis in die letzten Stunden des Abends zu trinken.<br \/>\nDie Terrasse bietet das ganze Jahr \u00fcber einen gesch\u00fctzten oder sonnigen Au\u00dfenbereich.<\/p>\n<p>[\/et_pb_text][\/et_pb_column][et_pb_column type=&#8221;1_3&#8243;][et_pb_text admin_label=&#8221;Liens Menu\/La carte&#8221; _builder_version=&#8221;3.0.53&#8243; background_layout=&#8221;light&#8221; text_orientation=&#8221;left&#8221; border_style=&#8221;solid&#8221; use_border_color=&#8221;on&#8221; border_color=&#8221;#edb059&#8243; border_width=&#8221;2px&#8221; custom_padding=&#8221;10px|15px|0px|15px&#8221;]<\/p>\n<ul>\n<li><a href=\"http:\/\/calvy.ch\/\/de\/restaurant\/menu\/\">MENU<\/a><\/li>\n<li><a href=\"http:\/\/calvy.ch\/\/de\/restaurant\/la-carte\/\">DIE KARTE<\/a><\/li>\n<\/ul>\n<p>[\/et_pb_text][\/et_pb_column][\/et_pb_row][et_pb_row][et_pb_column type=&#8221;4_4&#8243;][et_pb_gallery _builder_version=&#8221;3.0.53&#8243; show_title_and_caption=&#8221;off&#8221; show_pagination=&#8221;off&#8221; gallery_ids=&#8221;258,257,149,292&#8243; fullwidth=&#8221;off&#8221; orientation=&#8221;landscape&#8221; zoom_icon_color=&#8221;#daa520&#8243; hover_overlay_color=&#8221;rgba(255,255,255,0.9)&#8221; background_layout=&#8221;light&#8221; border_style=&#8221;solid&#8221; auto=&#8221;off&#8221; \/][\/et_pb_column][\/et_pb_row][et_pb_row][et_pb_column type=&#8221;4_4&#8243;][et_pb_text admin_label=&#8221;Vues panoramiques&#8221; _builder_version=&#8221;3.0.53&#8243; background_layout=&#8221;light&#8221; text_orientation=&#8221;left&#8221; border_style=&#8221;solid&#8221;]<\/p>\n<h3 style=\"text-align: center;\">Panoramablick<\/h3>\n<p>[\/et_pb_text][\/et_pb_column][\/et_pb_row][et_pb_row][et_pb_column type=&#8221;1_3&#8243;][et_pb_cta admin_label=&#8221;Action pano restaurant vue 1&#8243; _builder_version=&#8221;3.0.53&#8243; button_text=&#8221;Restaurant &#8211; ansicht 1&#8243; button_url=&#8221;http:\/\/calvy.ch\/wp-content\/uploads\/panos\/restaurant-vue1.html&#8221; url_new_window=&#8221;on&#8221; use_background_color=&#8221;on&#8221; background_image=&#8221;http:\/\/calvy.ch\/wp-content\/uploads\/pano-restaurant-1.jpg&#8221; background_layout=&#8221;dark&#8221; border_style=&#8221;solid&#8221; custom_button=&#8221;on&#8221; button_letter_spacing=&#8221;0&#8243; button_icon_placement=&#8221;right&#8221; button_letter_spacing_hover=&#8221;0&#8243; button_text_size=&#8221;12&#8243; button_bg_color=&#8221;#daa520&#8243; button_border_width=&#8221;0&#8243; custom_padding=&#8221;|3px||3px&#8221; saved_tabs=&#8221;all&#8221; \/][\/et_pb_column][et_pb_column type=&#8221;1_3&#8243;][et_pb_cta admin_label=&#8221;Action pano restaurant vue 2&#8243; _builder_version=&#8221;3.0.53&#8243; button_text=&#8221;Restaurant &#8211; ansicht 2&#8243; button_url=&#8221;http:\/\/calvy.ch\/wp-content\/uploads\/panos\/restaurant-vue2.html&#8221; url_new_window=&#8221;on&#8221; use_background_color=&#8221;on&#8221; background_image=&#8221;http:\/\/calvy.ch\/wp-content\/uploads\/pano-restaurant-2.jpg&#8221; background_layout=&#8221;dark&#8221; border_style=&#8221;solid&#8221; custom_button=&#8221;on&#8221; button_letter_spacing=&#8221;0&#8243; button_icon_placement=&#8221;right&#8221; button_letter_spacing_hover=&#8221;0&#8243; button_text_size=&#8221;12&#8243; button_bg_color=&#8221;#daa520&#8243; button_border_width=&#8221;0&#8243; custom_padding=&#8221;|3px||3px&#8221; saved_tabs=&#8221;all&#8221; \/][\/et_pb_column][et_pb_column type=&#8221;1_3&#8243;][et_pb_cta admin_label=&#8221;Action pano restaurant vue 3&#8243; _builder_version=&#8221;3.0.53&#8243; button_text=&#8221;Restaurant &#8211; ansicht 3&#8243; button_url=&#8221;http:\/\/calvy.ch\/wp-content\/uploads\/panos\/restaurant-vue3.html&#8221; url_new_window=&#8221;on&#8221; use_background_color=&#8221;on&#8221; background_image=&#8221;http:\/\/calvy.ch\/wp-content\/uploads\/pano-restaurant-3.jpg&#8221; background_layout=&#8221;dark&#8221; border_style=&#8221;solid&#8221; custom_button=&#8221;on&#8221; button_letter_spacing=&#8221;0&#8243; button_icon_placement=&#8221;right&#8221; button_letter_spacing_hover=&#8221;0&#8243; button_text_size=&#8221;12&#8243; button_bg_color=&#8221;#daa520&#8243; button_border_width=&#8221;0&#8243; custom_padding=&#8221;|3px||3px&#8221; saved_tabs=&#8221;all&#8221; \/][\/et_pb_column][\/et_pb_row][\/et_pb_section]<\/p>\n","protected":false},"excerpt":{"rendered":"<p>[et_pb_section bb_built=&#8221;1&#8243; fullwidth=&#8221;on&#8221; specialty=&#8221;off&#8221; disabled_on=&#8221;on|on|on&#8221; disabled=&#8221;on&#8221;][et_pb_fullwidth_image admin_label=&#8221;Image restaurant&#8221; _builder_version=&#8221;3.0.53&#8243; src=&#8221;http:\/\/calvy.ch\/wp-content\/uploads\/IMG_2381.jpg&#8221; show_in_lightbox=&#8221;off&#8221; url_new_window=&#8221;off&#8221; use_overlay=&#8221;off&#8221; border_style=&#8221;solid&#8221; animation=&#8221;off&#8221; \/][\/et_pb_section][et_pb_section bb_built=&#8221;1&#8243;][et_pb_row][et_pb_column type=&#8221;4_4&#8243;][et_pb_text admin_label=&#8221;Restaurant&#8221; _builder_version=&#8221;3.0.53&#8243; background_layout=&#8221;light&#8221; text_orientation=&#8221;left&#8221; border_style=&#8221;solid&#8221;] \u00a0Restaurant [\/et_pb_text][\/et_pb_column][\/et_pb_row][et_pb_row][et_pb_column type=&#8221;2_3&#8243;][et_pb_text _builder_version=&#8221;3.0.53&#8243; background_layout=&#8221;light&#8221; text_orientation=&#8221;left&#8221; border_style=&#8221;solid&#8221;] Offen 7\/7 von 7 Uhr bis 24 Fr\u00fchst\u00fcck: von 7h bis 10h Mittagessen: von 12h bis 13h45 Abendessen: von 19h bis 21h45 Tagesgericht Fr. 18.- [&hellip;]<\/p>\n","protected":false},"author":1,"featured_media":0,"parent":0,"menu_order":2,"comment_status":"closed","ping_status":"closed","template":"","meta":{"footnotes":""},"class_list":["post-546","page","type-page","status-publish","hentry"],"_links":{"self":[{"href":"https:\/\/calvy.ch\/de\/wp-json\/wp\/v2\/pages\/546","targetHints":{"allow":["GET"]}}],"collection":[{"href":"https:\/\/calvy.ch\/de\/wp-json\/wp\/v2\/pages"}],"about":[{"href":"https:\/\/calvy.ch\/de\/wp-json\/wp\/v2\/types\/page"}],"author":[{"embeddable":true,"href":"https:\/\/calvy.ch\/de\/wp-json\/wp\/v2\/users\/1"}],"replies":[{"embeddable":true,"href":"https:\/\/calvy.ch\/de\/wp-json\/wp\/v2\/comments?post=546"}],"version-history":[{"count":2,"href":"https:\/\/calvy.ch\/de\/wp-json\/wp\/v2\/pages\/546\/revisions"}],"predecessor-version":[{"id":628,"href":"https:\/\/calvy.ch\/de\/wp-json\/wp\/v2\/pages\/546\/revisions\/628"}],"wp:attachment":[{"href":"https:\/\/calvy.ch\/de\/wp-json\/wp\/v2\/media?parent=546"}],"curies":[{"name":"wp","href":"https:\/\/api.w.org\/{rel}","templated":true}]}}

<p>[et_pb_section bb_built=&#8221;1&#8243; fullwidth=&#8221;on&#8221; specialty=&#8221;off&#8221; disabled_on=&#8221;on|on|on&#8221; disabled=&#8221;on&#8221;][et_pb_fullwidth_image admin_label=&#8221;Image restaurant&#8221; _builder_version=&#8221;3.0.53&#8243; src=&#8221;http://calvy.ch/wp-content/uploads/IMG_2381.jpg&#8221; show_in_lightbox=&#8221;off&#8221; url_new_window=&#8221;off&#8221; use_overlay=&#8221;off&#8221; border_style=&#8221;solid&#8221; animation=&#8221;off&#8221; /][/et_pb_section][et_pb_section bb_built=&#8221;1&#8243;][et_pb_row][et_pb_column type=&#8221;4_4&#8243;][et_pb_text admin_label=&#8221;Restaurant&#8221; _builder_version=&#8221;3.0.53&#8243; background_layout=&#8221;light&#8221; text_orientation=&#8221;left&#8221; border_style=&#8221;solid&#8221;]</p>
<h1> Restaurant</h1>
<p>[/et_pb_text][/et_pb_column][/et_pb_row][et_pb_row][et_pb_column type=&#8221;2_3&#8243;][et_pb_text _builder_version=&#8221;3.0.53&#8243; background_layout=&#8221;light&#8221; text_orientation=&#8221;left&#8221; border_style=&#8221;solid&#8221;]</p>
<h4>Offen 7/7 von 7 Uhr bis 24</h4>
<ul>
<li>Frühstück: von 7h bis 10h</li>
<li>Mittagessen: von 12h bis 13h45</li>
<li>Abendessen: von 19h bis 21h45</li>
</ul>
<p>Tagesgericht Fr. 18.-<br />
Abendbrot CHF 20.-</p>
<p>Mehrere Räume zu Ihrer Verfügung (von 10 bis 100 Personen) für Ihre Bankette, Hochzeiten, Geburtstage und Seminare.</p>
<p>Das Restaurant bietet internationale Küche in freundlicher Atmosphäre.<br />
Die Bistro-Ecke bietet Ihnen die Möglichkeit, vom frühen Morgen bis in die letzten Stunden des Abends zu trinken.<br />
Die Terrasse bietet das ganze Jahr über einen geschützten oder sonnigen Außenbereich.</p>
<p>[/et_pb_text][/et_pb_column][et_pb_column type=&#8221;1_3&#8243;][et_pb_text admin_label=&#8221;Liens Menu/La carte&#8221; _builder_version=&#8221;3.0.53&#8243; background_layout=&#8221;light&#8221; text_orientation=&#8221;left&#8221; border_style=&#8221;solid&#8221; use_border_color=&#8221;on&#8221; border_color=&#8221;#edb059&#8243; border_width=&#8221;2px&#8221; custom_padding=&#8221;10px|15px|0px|15px&#8221;]</p>
<ul>
<li><a href="http://calvy.ch//de/restaurant/menu/">MENU</a></li>
<li><a href="http://calvy.ch//de/restaurant/la-carte/">DIE KARTE</a></li>
</ul>
<p>[/et_pb_text][/et_pb_column][/et_pb_row][et_pb_row][et_pb_column type=&#8221;4_4&#8243;][et_pb_gallery _builder_version=&#8221;3.0.53&#8243; show_title_and_caption=&#8221;off&#8221; show_pagination=&#8221;off&#8221; gallery_ids=&#8221;258,257,149,292&#8243; fullwidth=&#8221;off&#8221; orientation=&#8221;landscape&#8221; zoom_icon_color=&#8221;#daa520&#8243; hover_overlay_color=&#8221;rgba(255,255,255,0.9)&#8221; background_layout=&#8221;light&#8221; border_style=&#8221;solid&#8221; auto=&#8221;off&#8221; /][/et_pb_column][/et_pb_row][et_pb_row][et_pb_column type=&#8221;4_4&#8243;][et_pb_text admin_label=&#8221;Vues panoramiques&#8221; _builder_version=&#8221;3.0.53&#8243; background_layout=&#8221;light&#8221; text_orientation=&#8221;left&#8221; border_style=&#8221;solid&#8221;]</p>
<h3 style="text-align: center;">Panoramablick</h3>
<p>[/et_pb_text][/et_pb_column][/et_pb_row][et_pb_row][et_pb_column type=&#8221;1_3&#8243;][et_pb_cta admin_label=&#8221;Action pano restaurant vue 1&#8243; _builder_version=&#8221;3.0.53&#8243; button_text=&#8221;Restaurant &#8211; ansicht 1&#8243; button_url=&#8221;http://calvy.ch/wp-content/uploads/panos/restaurant-vue1.html&#8221; url_new_window=&#8221;on&#8221; use_background_color=&#8221;on&#8221; background_image=&#8221;http://calvy.ch/wp-content/uploads/pano-restaurant-1.jpg&#8221; background_layout=&#8221;dark&#8221; border_style=&#8221;solid&#8221; custom_button=&#8221;on&#8221; button_letter_spacing=&#8221;0&#8243; button_icon_placement=&#8221;right&#8221; button_letter_spacing_hover=&#8221;0&#8243; button_text_size=&#8221;12&#8243; button_bg_color=&#8221;#daa520&#8243; button_border_width=&#8221;0&#8243; custom_padding=&#8221;|3px||3px&#8221; saved_tabs=&#8221;all&#8221; /][/et_pb_column][et_pb_column type=&#8221;1_3&#8243;][et_pb_cta admin_label=&#8221;Action pano restaurant vue 2&#8243; _builder_version=&#8221;3.0.53&#8243; button_text=&#8221;Restaurant &#8211; ansicht 2&#8243; button_url=&#8221;http://calvy.ch/wp-content/uploads/panos/restaurant-vue2.html&#8221; url_new_window=&#8221;on&#8221; use_background_color=&#8221;on&#8221; background_image=&#8221;http://calvy.ch/wp-content/uploads/pano-restaurant-2.jpg&#8221; background_layout=&#8221;dark&#8221; border_style=&#8221;solid&#8221; custom_button=&#8221;on&#8221; button_letter_spacing=&#8221;0&#8243; button_icon_placement=&#8221;right&#8221; button_letter_spacing_hover=&#8221;0&#8243; button_text_size=&#8221;12&#8243; button_bg_color=&#8221;#daa520&#8243; button_border_width=&#8221;0&#8243; custom_padding=&#8221;|3px||3px&#8221; saved_tabs=&#8221;all&#8221; /][/et_pb_column][et_pb_column type=&#8221;1_3&#8243;][et_pb_cta admin_label=&#8221;Action pano restaurant vue 3&#8243; _builder_version=&#8221;3.0.53&#8243; button_text=&#8221;Restaurant &#8211; ansicht 3&#8243; button_url=&#8221;http://calvy.ch/wp-content/uploads/panos/restaurant-vue3.html&#8221; url_new_window=&#8221;on&#8221; use_background_color=&#8221;on&#8221; background_image=&#8221;http://calvy.ch/wp-content/uploads/pano-restaurant-3.jpg&#8221; background_layout=&#8221;dark&#8221; border_style=&#8221;solid&#8221; custom_button=&#8221;on&#8221; button_letter_spacing=&#8221;0&#8243; button_icon_placement=&#8221;right&#8221; button_letter_spacing_hover=&#8221;0&#8243; button_text_size=&#8221;12&#8243; button_bg_color=&#8221;#daa520&#8243; button_border_width=&#8221;0&#8243; custom_padding=&#8221;|3px||3px&#8221; saved_tabs=&#8221;all&#8221; /][/et_pb_column][/et_pb_row][/et_pb_section]</p>

<p>[et_pb_section bb_built=&#8221;1&#8243; fullwidth=&#8221;on&#8221; specialty=&#8221;off&#8221; disabled_on=&#8221;on|on|on&#8221; disabled=&#8221;on&#8221;][et_pb_fullwidth_image admin_label=&#8221;Image restaurant&#8221; _builder_version=&#8221;3.0.53&#8243; src=&#8221;http://calvy.ch/wp-content/uploads/IMG_2381.jpg&#8221; show_in_lightbox=&#8221;off&#8221; url_new_window=&#8221;off&#8221; use_overlay=&#8221;off&#8221; border_style=&#8221;solid&#8221; animation=&#8221;off&#8221; /][/et_pb_section][et_pb_section bb_built=&#8221;1&#8243;][et_pb_row][et_pb_column type=&#8221;4_4&#8243;][et_pb_text admin_label=&#8221;Restaurant&#8221; _builder_version=&#8221;3.0.53&#8243; background_layout=&#8221;light&#8221; text_orientation=&#8221;left&#8221; border_style=&#8221;solid&#8221;]  Restaurant [/et_pb_text][/et_pb_column][/et_pb_row][et_pb_row][et_pb_column type=&#8221;2_3&#8243;][et_pb_text _builder_version=&#8221;3.0.53&#8243; background_layout=&#8221;light&#8221; text_orientation=&#8221;left&#8221; border_style=&#8221;solid&#8221;] Offen 7/7 von 7 Uhr bis 24 Frühstück: von 7h bis 10h Mittagessen: von 12h bis 13h45 Abendessen: von 19h bis 21h45 Tagesgericht Fr. 18.- [&hellip;]</p>
